{"id":10054,"date":"2016-06-24T13:34:44","date_gmt":"2016-06-24T13:34:44","guid":{"rendered":"http:\/\/melinda.themes.tvda.pw\/?page_id=10054"},"modified":"2019-05-03T16:12:43","modified_gmt":"2019-05-03T21:12:43","slug":"peaton","status":"publish","type":"page","link":"https:\/\/movilidad.rionegro.gov.co\/web\/peaton\/","title":{"rendered":"Peat\u00f3n"},"content":{"rendered":"<p>[vc_row full_width=&#8221;stretch_row&#8221; gap=&#8221;30&#8243; css=&#8221;.vc_custom_1466775522542{margin-bottom: 0px !important;padding-bottom: 100px !important;background-color: #f7f7f7 !important;}&#8221;][vc_column width=&#8221;1\/3&#8243;][vc_row_inner css=&#8221;.vc_custom_1556917773261{margin-top: -100px !important;padding-top: 80px !important;padding-right: 30px !important;padding-bottom: 80px !important;padding-left: 30px !important;background: #eeeeee url(https:\/\/movilidad.rionegro.gov.co\/web\/wp-content\/uploads\/2019\/04\/1.1.jpg?id=12278) !important;background-position: center !important;background-repeat: no-repeat !important;background-size: cover !important;}&#8221;][vc_column_inner]<div class=\"ult-just-icon-wrapper  \"><div class=\"align-icon\" style=\"text-align:center;\">\n<div class=\"aio-icon none \"  style=\"color:#333;font-size:48px;display:inline-block;\">\n\t<i class=\"none\"><\/i>\n<\/div><\/div><\/div>[\/vc_column_inner][\/vc_row_inner][vc_row_inner css=&#8221;.vc_custom_1466775187209{padding-top: 40px !important;padding-right: 40px !important;padding-bottom: 40px !important;padding-left: 40px !important;background-color: #ffffff !important;}&#8221;][vc_column_inner css=&#8221;.vc_custom_1466775384293{padding-top: 0px !important;padding-bottom: 0px !important;}&#8221;][vc_column_text css_animation=&#8221;bottom-to-top&#8221; css=&#8221;.vc_custom_1554491829639{margin-bottom: 0px !important;}&#8221;]<\/p>\n<h6>\u00a1Rionegro avanza!<\/h6>\n<p>Desde la Subsecretar\u00eda de Movilidad se generan verdaderas aulas itinerantes a lo largo y ancho de todos los corredores viales con diferentes campa\u00f1as en pro de la conservaci\u00f3n y el cuidado de los peatones en las v\u00edas.[\/vc_column_text][\/vc_column_inner][\/vc_row_inner][\/vc_column][vc_column width=&#8221;1\/3&#8243;][vc_row_inner css=&#8221;.vc_custom_1556917879304{margin-top: -100px !important;padding-top: 80px !important;padding-right: 30px !important;padding-bottom: 80px !important;padding-left: 30px !important;background: #eeeeee url(https:\/\/movilidad.rionegro.gov.co\/web\/wp-content\/uploads\/2019\/04\/4.1.jpg?id=12280) !important;background-position: center !important;background-repeat: no-repeat !important;background-size: cover !important;}&#8221;][vc_column_inner]<div class=\"ult-just-icon-wrapper  \"><div class=\"align-icon\" style=\"text-align:center;\">\n<div class=\"aio-icon none \"  style=\"color:#ffffff;font-size:48px;display:inline-block;\">\n\t<i class=\"elegant-icon-ecommerce_cart\"><\/i>\n<\/div><\/div><\/div>[\/vc_column_inner][\/vc_row_inner][vc_row_inner css=&#8221;.vc_custom_1466775187209{padding-top: 40px !important;padding-right: 40px !important;padding-bottom: 40px !important;padding-left: 40px !important;background-color: #ffffff !important;}&#8221;][vc_column_inner css=&#8221;.vc_custom_1466775384293{padding-top: 0px !important;padding-bottom: 0px !important;}&#8221;][vc_column_text css_animation=&#8221;bottom-to-top&#8221; css=&#8221;.vc_custom_1554492323022{margin-bottom: 0px !important;}&#8221;]<\/p>\n<blockquote>\n<h5><em>\u00a1Porque en la v\u00eda, cuido mi vida!<\/em><\/h5>\n<\/blockquote>\n<p>[\/vc_column_text][\/vc_column_inner][\/vc_row_inner][\/vc_column][vc_column width=&#8221;1\/3&#8243;][vc_row_inner css=&#8221;.vc_custom_1556917960782{margin-top: -100px !important;padding-top: 80px !important;padding-right: 30px !important;padding-bottom: 80px !important;padding-left: 30px !important;background: #eeeeee url(https:\/\/movilidad.rionegro.gov.co\/web\/wp-content\/uploads\/2019\/04\/3.1.jpg?id=12283) !important;background-position: center !important;background-repeat: no-repeat !important;background-size: cover !important;}&#8221;][vc_column_inner]<div class=\"ult-just-icon-wrapper  \"><div class=\"align-icon\" style=\"text-align:center;\">\n<div class=\"aio-icon none \"  style=\"color:#ffffff;font-size:48px;display:inline-block;\">\n\t<i class=\"elegant-icon-ecommerce_cart\"><\/i>\n<\/div><\/div><\/div>[\/vc_column_inner][\/vc_row_inner][vc_row_inner css=&#8221;.vc_custom_1466775187209{padding-top: 40px !important;padding-right: 40px !important;padding-bottom: 40px !important;padding-left: 40px !important;background-color: #ffffff !important;}&#8221;][vc_column_inner css=&#8221;.vc_custom_1466775384293{padding-top: 0px !important;padding-bottom: 0px !important;}&#8221;][vc_column_text css_animation=&#8221;bottom-to-top&#8221; css=&#8221;.vc_custom_1554493662874{margin-bottom: 0px !important;}&#8221;]<\/p>\n<h6>Sigue estas recomendaciones:<\/h6>\n<ul>\n<li>Transita por andenes y cebras.<\/li>\n<li>Mira a ambos lados antes de cruzar.<\/li>\n<li>Respeta el sem\u00e1foro peatonal.<\/li>\n<li>En v\u00edas rurales, transita del lado contrario de los veh\u00edculos.<\/li>\n<\/ul>\n<p>[\/vc_column_text][\/vc_column_inner][\/vc_row_inner][\/vc_column][\/vc_row]<\/p>\n","protected":false},"excerpt":{"rendered":"<p>[vc_row full_width=&#8221;stretch_row&#8221; gap=&#8221;30&#8243; css=&#8221;.vc_custom_1466775522542{margin-bottom: 0px !important;padding-bottom: 100px !important;background-color: #f7f7f7 !important;}&#8221;][vc_column width=&#8221;1\/3&#8243;][vc_row_inner css=&#8221;.vc_custom_1556917773261{margin-top: -100px !important;padding-top: 80px !important;padding-right: 30px !important;padding-bottom: 80px !important;padding-left: 30px !important;background: #eeeeee url(https:\/\/movilidad.rionegro.gov.co\/web\/wp-content\/uploads\/2019\/04\/1.1.jpg?id=12278) !important;background-position: center !important;background-repeat: no-repeat !important;background-size: cover&#8230;<\/p>\n","protected":false},"author":4,"featured_media":0,"parent":0,"menu_order":0,"comment_status":"closed","ping_status":"closed","template":"","meta":{"pgc_meta":""},"pgc_meta":"","_links":{"self":[{"href":"https:\/\/movilidad.rionegro.gov.co\/web\/wp-json\/wp\/v2\/pages\/10054"}],"collection":[{"href":"https:\/\/movilidad.rionegro.gov.co\/web\/wp-json\/wp\/v2\/pages"}],"about":[{"href":"https:\/\/movilidad.rionegro.gov.co\/web\/wp-json\/wp\/v2\/types\/page"}],"author":[{"embeddable":true,"href":"https:\/\/movilidad.rionegro.gov.co\/web\/wp-json\/wp\/v2\/users\/4"}],"replies":[{"embeddable":true,"href":"https:\/\/movilidad.rionegro.gov.co\/web\/wp-json\/wp\/v2\/comments?post=10054"}],"version-history":[{"count":23,"href":"https:\/\/movilidad.rionegro.gov.co\/web\/wp-json\/wp\/v2\/pages\/10054\/revisions"}],"predecessor-version":[{"id":13329,"href":"https:\/\/movilidad.rionegro.gov.co\/web\/wp-json\/wp\/v2\/pages\/10054\/revisions\/13329"}],"wp:attachment":[{"href":"https:\/\/movilidad.rionegro.gov.co\/web\/wp-json\/wp\/v2\/media?parent=10054"}],"curies":[{"name":"wp","href":"https:\/\/api.w.org\/{rel}","templated":true}]}}

Peatón

<p>[vc_row full_width=&#8221;stretch_row&#8221; gap=&#8221;30&#8243; css=&#8221;.vc_custom_1466775522542{margin-bottom: 0px !important;padding-bottom: 100px !important;background-color: #f7f7f7 !important;}&#8221;][vc_column width=&#8221;1/3&#8243;][vc_row_inner css=&#8221;.vc_custom_1556917773261{margin-top: -100px !important;padding-top: 80px !important;padding-right: 30px !important;padding-bottom: 80px !important;padding-left: 30px !important;background: #eeeeee url(https://movilidad.rionegro.gov.co/web/wp-content/uploads/2019/04/1.1.jpg?id=12278) !important;background-position: center !important;background-repeat: no-repeat !important;background-size: cover !important;}&#8221;][vc_column_inner]<div class="ult-just-icon-wrapper  "><div class="align-icon" style="text-align:center;">
<div class="aio-icon none "  style="color:#333;font-size:48px;display:inline-block;">
	<i class="none"></i>
</div></div></div>[/vc_column_inner][/vc_row_inner][vc_row_inner css=&#8221;.vc_custom_1466775187209{padding-top: 40px !important;padding-right: 40px !important;padding-bottom: 40px !important;padding-left: 40px !important;background-color: #ffffff !important;}&#8221;][vc_column_inner css=&#8221;.vc_custom_1466775384293{padding-top: 0px !important;padding-bottom: 0px !important;}&#8221;][vc_column_text css_animation=&#8221;bottom-to-top&#8221; css=&#8221;.vc_custom_1554491829639{margin-bottom: 0px !important;}&#8221;]</p>
<h6>¡Rionegro avanza!</h6>
<p>Desde la Subsecretaría de Movilidad se generan verdaderas aulas itinerantes a lo largo y ancho de todos los corredores viales con diferentes campañas en pro de la conservación y el cuidado de los peatones en las vías.[/vc_column_text][/vc_column_inner][/vc_row_inner][/vc_column][vc_column width=&#8221;1/3&#8243;][vc_row_inner css=&#8221;.vc_custom_1556917879304{margin-top: -100px !important;padding-top: 80px !important;padding-right: 30px !important;padding-bottom: 80px !important;padding-left: 30px !important;background: #eeeeee url(https://movilidad.rionegro.gov.co/web/wp-content/uploads/2019/04/4.1.jpg?id=12280) !important;background-position: center !important;background-repeat: no-repeat !important;background-size: cover !important;}&#8221;][vc_column_inner]<div class="ult-just-icon-wrapper  "><div class="align-icon" style="text-align:center;">
<div class="aio-icon none "  style="color:#ffffff;font-size:48px;display:inline-block;">
	<i class="elegant-icon-ecommerce_cart"></i>
</div></div></div>[/vc_column_inner][/vc_row_inner][vc_row_inner css=&#8221;.vc_custom_1466775187209{padding-top: 40px !important;padding-right: 40px !important;padding-bottom: 40px !important;padding-left: 40px !important;background-color: #ffffff !important;}&#8221;][vc_column_inner css=&#8221;.vc_custom_1466775384293{padding-top: 0px !important;padding-bottom: 0px !important;}&#8221;][vc_column_text css_animation=&#8221;bottom-to-top&#8221; css=&#8221;.vc_custom_1554492323022{margin-bottom: 0px !important;}&#8221;]</p>
<blockquote>
<h5><em>¡Porque en la vía, cuido mi vida!</em></h5>
</blockquote>
<p>[/vc_column_text][/vc_column_inner][/vc_row_inner][/vc_column][vc_column width=&#8221;1/3&#8243;][vc_row_inner css=&#8221;.vc_custom_1556917960782{margin-top: -100px !important;padding-top: 80px !important;padding-right: 30px !important;padding-bottom: 80px !important;padding-left: 30px !important;background: #eeeeee url(https://movilidad.rionegro.gov.co/web/wp-content/uploads/2019/04/3.1.jpg?id=12283) !important;background-position: center !important;background-repeat: no-repeat !important;background-size: cover !important;}&#8221;][vc_column_inner]<div class="ult-just-icon-wrapper  "><div class="align-icon" style="text-align:center;">
<div class="aio-icon none "  style="color:#ffffff;font-size:48px;display:inline-block;">
	<i class="elegant-icon-ecommerce_cart"></i>
</div></div></div>[/vc_column_inner][/vc_row_inner][vc_row_inner css=&#8221;.vc_custom_1466775187209{padding-top: 40px !important;padding-right: 40px !important;padding-bottom: 40px !important;padding-left: 40px !important;background-color: #ffffff !important;}&#8221;][vc_column_inner css=&#8221;.vc_custom_1466775384293{padding-top: 0px !important;padding-bottom: 0px !important;}&#8221;][vc_column_text css_animation=&#8221;bottom-to-top&#8221; css=&#8221;.vc_custom_1554493662874{margin-bottom: 0px !important;}&#8221;]</p>
<h6>Sigue estas recomendaciones:</h6>
<ul>
<li>Transita por andenes y cebras.</li>
<li>Mira a ambos lados antes de cruzar.</li>
<li>Respeta el semáforo peatonal.</li>
<li>En vías rurales, transita del lado contrario de los vehículos.</li>
</ul>
<p>[/vc_column_text][/vc_column_inner][/vc_row_inner][/vc_column][/vc_row]</p>
