{"id":12299,"date":"2019-04-08T12:23:24","date_gmt":"2019-04-08T12:23:24","guid":{"rendered":"https:\/\/10.240.8.148\/web\/?page_id=12299"},"modified":"2019-05-03T16:16:22","modified_gmt":"2019-05-03T21:16:22","slug":"usuario-pasajero","status":"publish","type":"page","link":"https:\/\/movilidad.rionegro.gov.co\/web\/usuario-pasajero\/","title":{"rendered":"Usuario pasajero"},"content":{"rendered":"<p>[vc_row full_width=&#8221;stretch_row&#8221; gap=&#8221;30&#8243; css=&#8221;.vc_custom_1466775522542{margin-bottom: 0px !important;padding-bottom: 100px !important;background-color: #f7f7f7 !important;}&#8221;][vc_column width=&#8221;1\/3&#8243;][vc_row_inner css=&#8221;.vc_custom_1556918055927{margin-top: -100px !important;padding-top: 80px !important;padding-right: 30px !important;padding-bottom: 80px !important;padding-left: 30px !important;background: #eeeeee url(https:\/\/movilidad.rionegro.gov.co\/web\/wp-content\/uploads\/2019\/04\/businessman-in-subway-PPULAEV.jpg?id=12311) !important;background-position: center !important;background-repeat: no-repeat !important;background-size: cover !important;}&#8221;][vc_column_inner]<div class=\"ult-just-icon-wrapper  \"><div class=\"align-icon\" style=\"text-align:center;\">\n<div class=\"aio-icon none \"  style=\"color:#ffffff;font-size:48px;display:inline-block;\">\n\t<i class=\"elegant-icon-software_paintroller\"><\/i>\n<\/div><\/div><\/div>[\/vc_column_inner][\/vc_row_inner][vc_row_inner css=&#8221;.vc_custom_1466775187209{padding-top: 40px !important;padding-right: 40px !important;padding-bottom: 40px !important;padding-left: 40px !important;background-color: #ffffff !important;}&#8221;][vc_column_inner css=&#8221;.vc_custom_1466775384293{padding-top: 0px !important;padding-bottom: 0px !important;}&#8221;][vc_column_text css_animation=&#8221;bottom-to-top&#8221; css=&#8221;.vc_custom_1554731378653{margin-bottom: 0px !important;}&#8221;]<\/p>\n<h6>\u00a1Rionegro avanza!<\/h6>\n<p>Desde la Subsecretar\u00eda de Movilidad desarrollamos diferentes jornadas pedag\u00f3gicas sobre los desplazamientos seguros para peatones y usuarios del servicio p\u00fablico.[\/vc_column_text][\/vc_column_inner][\/vc_row_inner][\/vc_column][vc_column width=&#8221;1\/3&#8243;][vc_row_inner css=&#8221;.vc_custom_1556918125591{margin-top: -100px !important;padding-top: 80px !important;padding-right: 30px !important;padding-bottom: 80px !important;padding-left: 30px !important;background: #eeeeee url(https:\/\/movilidad.rionegro.gov.co\/web\/wp-content\/uploads\/2019\/04\/2.1-2.jpg?id=12313) !important;background-position: center !important;background-repeat: no-repeat !important;background-size: cover !important;}&#8221;][vc_column_inner]<div class=\"ult-just-icon-wrapper  \"><div class=\"align-icon\" style=\"text-align:center;\">\n<div class=\"aio-icon none \"  style=\"color:#ffffff;font-size:48px;display:inline-block;\">\n\t<i class=\"elegant-icon-ecommerce_cart\"><\/i>\n<\/div><\/div><\/div>[\/vc_column_inner][\/vc_row_inner][vc_row_inner css=&#8221;.vc_custom_1466775187209{padding-top: 40px !important;padding-right: 40px !important;padding-bottom: 40px !important;padding-left: 40px !important;background-color: #ffffff !important;}&#8221;][vc_column_inner css=&#8221;.vc_custom_1466775384293{padding-top: 0px !important;padding-bottom: 0px !important;}&#8221;][vc_column_text css_animation=&#8221;bottom-to-top&#8221; css=&#8221;.vc_custom_1554499416742{margin-bottom: 0px !important;}&#8221;]<\/p>\n<blockquote>\n<h5><em>\u00a1Porque en la v\u00eda, cuido mi vida!<\/em><\/h5>\n<\/blockquote>\n<p>[\/vc_column_text][\/vc_column_inner][\/vc_row_inner][\/vc_column][vc_column width=&#8221;1\/3&#8243;][vc_row_inner css=&#8221;.vc_custom_1556918180579{margin-top: -100px !important;padding-top: 80px !important;padding-right: 30px !important;padding-bottom: 80px !important;padding-left: 30px !important;background: #eeeeee url(https:\/\/movilidad.rionegro.gov.co\/web\/wp-content\/uploads\/2019\/04\/businessman-traveling-by-bus-PTWGUUH-1.jpg?id=12312) !important;background-position: center !important;background-repeat: no-repeat !important;background-size: cover !important;}&#8221;][vc_column_inner]<div class=\"ult-just-icon-wrapper  \"><div class=\"align-icon\" style=\"text-align:center;\">\n<div class=\"aio-icon none \"  style=\"color:#ffffff;font-size:48px;display:inline-block;\">\n\t<i class=\"elegant-icon-ecommerce_cart\"><\/i>\n<\/div><\/div><\/div>[\/vc_column_inner][\/vc_row_inner][vc_row_inner css=&#8221;.vc_custom_1466775187209{padding-top: 40px !important;padding-right: 40px !important;padding-bottom: 40px !important;padding-left: 40px !important;background-color: #ffffff !important;}&#8221;][vc_column_inner css=&#8221;.vc_custom_1466775384293{padding-top: 0px !important;padding-bottom: 0px !important;}&#8221;][vc_column_text css_animation=&#8221;bottom-to-top&#8221; css=&#8221;.vc_custom_1554731467005{margin-bottom: 0px !important;}&#8221;]<\/p>\n<h6>Sigue estas recomendaciones:<\/h6>\n<ul>\n<li>Exige seguridad antes que velocidad.<\/li>\n<li>Sube y baja del veh\u00edculo en las respectivas paradas y solo cuando est\u00e9 estacionado.<\/li>\n<li>Anticipa al conductor tu parada.<\/li>\n<li>Cede el puesto a las personas que lo necesiten.<\/li>\n<li>No viajes en los estribos, pisaderas o pasachoques.<\/li>\n<\/ul>\n<p>[\/vc_column_text][\/vc_column_inner][\/vc_row_inner][\/vc_column][\/vc_row]<\/p>\n","protected":false},"excerpt":{"rendered":"<p>[vc_row full_width=&#8221;stretch_row&#8221; gap=&#8221;30&#8243; css=&#8221;.vc_custom_1466775522542{margin-bottom: 0px !important;padding-bottom: 100px !important;background-color: #f7f7f7 !important;}&#8221;][vc_column width=&#8221;1\/3&#8243;][vc_row_inner css=&#8221;.vc_custom_1556918055927{margin-top: -100px !important;padding-top: 80px !important;padding-right: 30px !important;padding-bottom: 80px !important;padding-left: 30px !important;background: #eeeeee url(https:\/\/movilidad.rionegro.gov.co\/web\/wp-content\/uploads\/2019\/04\/businessman-in-subway-PPULAEV.jpg?id=12311) !important;background-position: center !important;background-repeat: no-repeat !important;background-size: cover&#8230;<\/p>\n","protected":false},"author":4,"featured_media":0,"parent":0,"menu_order":0,"comment_status":"closed","ping_status":"closed","template":"","meta":{"pgc_meta":""},"pgc_meta":"","_links":{"self":[{"href":"https:\/\/movilidad.rionegro.gov.co\/web\/wp-json\/wp\/v2\/pages\/12299"}],"collection":[{"href":"https:\/\/movilidad.rionegro.gov.co\/web\/wp-json\/wp\/v2\/pages"}],"about":[{"href":"https:\/\/movilidad.rionegro.gov.co\/web\/wp-json\/wp\/v2\/types\/page"}],"author":[{"embeddable":true,"href":"https:\/\/movilidad.rionegro.gov.co\/web\/wp-json\/wp\/v2\/users\/4"}],"replies":[{"embeddable":true,"href":"https:\/\/movilidad.rionegro.gov.co\/web\/wp-json\/wp\/v2\/comments?post=12299"}],"version-history":[{"count":4,"href":"https:\/\/movilidad.rionegro.gov.co\/web\/wp-json\/wp\/v2\/pages\/12299\/revisions"}],"predecessor-version":[{"id":13331,"href":"https:\/\/movilidad.rionegro.gov.co\/web\/wp-json\/wp\/v2\/pages\/12299\/revisions\/13331"}],"wp:attachment":[{"href":"https:\/\/movilidad.rionegro.gov.co\/web\/wp-json\/wp\/v2\/media?parent=12299"}],"curies":[{"name":"wp","href":"https:\/\/api.w.org\/{rel}","templated":true}]}}

<p>[vc_row full_width=&#8221;stretch_row&#8221; gap=&#8221;30&#8243; css=&#8221;.vc_custom_1466775522542{margin-bottom: 0px !important;padding-bottom: 100px !important;background-color: #f7f7f7 !important;}&#8221;][vc_column width=&#8221;1/3&#8243;][vc_row_inner css=&#8221;.vc_custom_1556918055927{margin-top: -100px !important;padding-top: 80px !important;padding-right: 30px !important;padding-bottom: 80px !important;padding-left: 30px !important;background: #eeeeee url(https://movilidad.rionegro.gov.co/web/wp-content/uploads/2019/04/businessman-in-subway-PPULAEV.jpg?id=12311) !important;background-position: center !important;background-repeat: no-repeat !important;background-size: cover !important;}&#8221;][vc_column_inner]<div class="ult-just-icon-wrapper  "><div class="align-icon" style="text-align:center;">
<div class="aio-icon none "  style="color:#ffffff;font-size:48px;display:inline-block;">
	<i class="elegant-icon-software_paintroller"></i>
</div></div></div>[/vc_column_inner][/vc_row_inner][vc_row_inner css=&#8221;.vc_custom_1466775187209{padding-top: 40px !important;padding-right: 40px !important;padding-bottom: 40px !important;padding-left: 40px !important;background-color: #ffffff !important;}&#8221;][vc_column_inner css=&#8221;.vc_custom_1466775384293{padding-top: 0px !important;padding-bottom: 0px !important;}&#8221;][vc_column_text css_animation=&#8221;bottom-to-top&#8221; css=&#8221;.vc_custom_1554731378653{margin-bottom: 0px !important;}&#8221;]</p>
<h6>¡Rionegro avanza!</h6>
<p>Desde la Subsecretaría de Movilidad desarrollamos diferentes jornadas pedagógicas sobre los desplazamientos seguros para peatones y usuarios del servicio público.[/vc_column_text][/vc_column_inner][/vc_row_inner][/vc_column][vc_column width=&#8221;1/3&#8243;][vc_row_inner css=&#8221;.vc_custom_1556918125591{margin-top: -100px !important;padding-top: 80px !important;padding-right: 30px !important;padding-bottom: 80px !important;padding-left: 30px !important;background: #eeeeee url(https://movilidad.rionegro.gov.co/web/wp-content/uploads/2019/04/2.1-2.jpg?id=12313) !important;background-position: center !important;background-repeat: no-repeat !important;background-size: cover !important;}&#8221;][vc_column_inner]<div class="ult-just-icon-wrapper  "><div class="align-icon" style="text-align:center;">
<div class="aio-icon none "  style="color:#ffffff;font-size:48px;display:inline-block;">
	<i class="elegant-icon-ecommerce_cart"></i>
</div></div></div>[/vc_column_inner][/vc_row_inner][vc_row_inner css=&#8221;.vc_custom_1466775187209{padding-top: 40px !important;padding-right: 40px !important;padding-bottom: 40px !important;padding-left: 40px !important;background-color: #ffffff !important;}&#8221;][vc_column_inner css=&#8221;.vc_custom_1466775384293{padding-top: 0px !important;padding-bottom: 0px !important;}&#8221;][vc_column_text css_animation=&#8221;bottom-to-top&#8221; css=&#8221;.vc_custom_1554499416742{margin-bottom: 0px !important;}&#8221;]</p>
<blockquote>
<h5><em>¡Porque en la vía, cuido mi vida!</em></h5>
</blockquote>
<p>[/vc_column_text][/vc_column_inner][/vc_row_inner][/vc_column][vc_column width=&#8221;1/3&#8243;][vc_row_inner css=&#8221;.vc_custom_1556918180579{margin-top: -100px !important;padding-top: 80px !important;padding-right: 30px !important;padding-bottom: 80px !important;padding-left: 30px !important;background: #eeeeee url(https://movilidad.rionegro.gov.co/web/wp-content/uploads/2019/04/businessman-traveling-by-bus-PTWGUUH-1.jpg?id=12312) !important;background-position: center !important;background-repeat: no-repeat !important;background-size: cover !important;}&#8221;][vc_column_inner]<div class="ult-just-icon-wrapper  "><div class="align-icon" style="text-align:center;">
<div class="aio-icon none "  style="color:#ffffff;font-size:48px;display:inline-block;">
	<i class="elegant-icon-ecommerce_cart"></i>
</div></div></div>[/vc_column_inner][/vc_row_inner][vc_row_inner css=&#8221;.vc_custom_1466775187209{padding-top: 40px !important;padding-right: 40px !important;padding-bottom: 40px !important;padding-left: 40px !important;background-color: #ffffff !important;}&#8221;][vc_column_inner css=&#8221;.vc_custom_1466775384293{padding-top: 0px !important;padding-bottom: 0px !important;}&#8221;][vc_column_text css_animation=&#8221;bottom-to-top&#8221; css=&#8221;.vc_custom_1554731467005{margin-bottom: 0px !important;}&#8221;]</p>
<h6>Sigue estas recomendaciones:</h6>
<ul>
<li>Exige seguridad antes que velocidad.</li>
<li>Sube y baja del vehículo en las respectivas paradas y solo cuando esté estacionado.</li>
<li>Anticipa al conductor tu parada.</li>
<li>Cede el puesto a las personas que lo necesiten.</li>
<li>No viajes en los estribos, pisaderas o pasachoques.</li>
</ul>
<p>[/vc_column_text][/vc_column_inner][/vc_row_inner][/vc_column][/vc_row]</p>
