{"id":12640,"date":"2019-04-17T15:23:29","date_gmt":"2019-04-17T15:23:29","guid":{"rendered":"https:\/\/10.240.8.148\/web\/?page_id=12640"},"modified":"2019-05-03T16:31:01","modified_gmt":"2019-05-03T21:31:01","slug":"alcoholemia","status":"publish","type":"page","link":"https:\/\/movilidad.rionegro.gov.co\/web\/alcoholemia\/","title":{"rendered":"Alcoholemia"},"content":{"rendered":"<p>[vc_row full_width=&#8221;stretch_row&#8221; gap=&#8221;30&#8243; css=&#8221;.vc_custom_1466775522542{margin-bottom: 0px !important;padding-bottom: 100px !important;background-color: #f7f7f7 !important;}&#8221;][vc_column width=&#8221;1\/3&#8243;][vc_row_inner css=&#8221;.vc_custom_1556918977480{margin-top: -100px !important;padding-top: 80px !important;padding-right: 30px !important;padding-bottom: 80px !important;padding-left: 30px !important;background: #eeeeee url(https:\/\/movilidad.rionegro.gov.co\/web\/wp-content\/uploads\/2019\/04\/Alcoholemia-1-2.jpg?id=12721) !important;background-position: center !important;background-repeat: no-repeat !important;background-size: cover !important;}&#8221;][vc_column_inner]<div class=\"ult-just-icon-wrapper  \"><div class=\"align-icon\" style=\"text-align:center;\">\n<div class=\"aio-icon none \"  style=\"color:#ffffff;font-size:48px;display:inline-block;\">\n\t<i class=\"elegant-icon-software_paintroller\"><\/i>\n<\/div><\/div><\/div>[\/vc_column_inner][\/vc_row_inner][vc_row_inner css=&#8221;.vc_custom_1466775187209{padding-top: 40px !important;padding-right: 40px !important;padding-bottom: 40px !important;padding-left: 40px !important;background-color: #ffffff !important;}&#8221;][vc_column_inner css=&#8221;.vc_custom_1466775384293{padding-top: 0px !important;padding-bottom: 0px !important;}&#8221;][vc_column_text css_animation=&#8221;bottom-to-top&#8221; css=&#8221;.vc_custom_1555517224717{margin-bottom: 0px !important;}&#8221;]<\/p>\n<h6>\u00a1Rionegro avanza!<\/h6>\n<p>Los estudios muestran que la probabilidad de sufrir un accidente grave aumenta considerablemente por cada grado adicional de alcoholemia.[\/vc_column_text][\/vc_column_inner][\/vc_row_inner][\/vc_column][vc_column width=&#8221;1\/3&#8243;][vc_row_inner css=&#8221;.vc_custom_1556919015744{margin-top: -100px !important;padding-top: 80px !important;padding-right: 30px !important;padding-bottom: 80px !important;padding-left: 30px !important;background: #eeeeee url(https:\/\/movilidad.rionegro.gov.co\/web\/wp-content\/uploads\/2019\/04\/alcoholemia-2-1.jpg?id=12719) !important;background-position: center !important;background-repeat: no-repeat !important;background-size: cover !important;}&#8221;][vc_column_inner]<div class=\"ult-just-icon-wrapper  \"><div class=\"align-icon\" style=\"text-align:center;\">\n<div class=\"aio-icon none \"  style=\"color:#ffffff;font-size:48px;display:inline-block;\">\n\t<i class=\"elegant-icon-ecommerce_cart\"><\/i>\n<\/div><\/div><\/div>[\/vc_column_inner][\/vc_row_inner][vc_row_inner css=&#8221;.vc_custom_1466775187209{padding-top: 40px !important;padding-right: 40px !important;padding-bottom: 40px !important;padding-left: 40px !important;background-color: #ffffff !important;}&#8221;][vc_column_inner css=&#8221;.vc_custom_1466775384293{padding-top: 0px !important;padding-bottom: 0px !important;}&#8221;][vc_column_text css_animation=&#8221;bottom-to-top&#8221; css=&#8221;.vc_custom_1554499416742{margin-bottom: 0px !important;}&#8221;]<\/p>\n<blockquote>\n<h5><em>\u00a1Porque en la v\u00eda, cuido mi vida!<\/em><\/h5>\n<\/blockquote>\n<p>[\/vc_column_text][\/vc_column_inner][\/vc_row_inner][\/vc_column][vc_column width=&#8221;1\/3&#8243;][vc_row_inner css=&#8221;.vc_custom_1556919059509{margin-top: -100px !important;padding-top: 80px !important;padding-right: 30px !important;padding-bottom: 80px !important;padding-left: 30px !important;background: #eeeeee url(https:\/\/movilidad.rionegro.gov.co\/web\/wp-content\/uploads\/2019\/04\/alcoholemia-3.jpg?id=12726) !important;background-position: center !important;background-repeat: no-repeat !important;background-size: cover !important;}&#8221;][vc_column_inner]<div class=\"ult-just-icon-wrapper  \"><div class=\"align-icon\" style=\"text-align:center;\">\n<div class=\"aio-icon none \"  style=\"color:#ffffff;font-size:48px;display:inline-block;\">\n\t<i class=\"elegant-icon-ecommerce_cart\"><\/i>\n<\/div><\/div><\/div>[\/vc_column_inner][\/vc_row_inner][vc_row_inner css=&#8221;.vc_custom_1466775187209{padding-top: 40px !important;padding-right: 40px !important;padding-bottom: 40px !important;padding-left: 40px !important;background-color: #ffffff !important;}&#8221;][vc_column_inner css=&#8221;.vc_custom_1466775384293{padding-top: 0px !important;padding-bottom: 0px !important;}&#8221;][vc_column_text css_animation=&#8221;bottom-to-top&#8221; css=&#8221;.vc_custom_1555517333112{margin-bottom: 0px !important;}&#8221;]Desde la Subsecretar\u00eda de Movilidad de Rionegro hacemos presencia en todos los rincones del municipio y llevamos un mensaje de aprendizaje sobre el consumo responsable de las bebidas alcoh\u00f3licas y sustancias psicoactivas frente al volante. Tambi\u00e9n fortalecemos nuestra capacidad de hacer controles en puntos espec\u00edficos a trav\u00e9s de capacitaci\u00f3n a los agentes de tr\u00e1nsito.[\/vc_column_text][\/vc_column_inner][\/vc_row_inner][\/vc_column][\/vc_row]<\/p>\n","protected":false},"excerpt":{"rendered":"<p>[vc_row full_width=&#8221;stretch_row&#8221; gap=&#8221;30&#8243; css=&#8221;.vc_custom_1466775522542{margin-bottom: 0px !important;padding-bottom: 100px !important;background-color: #f7f7f7 !important;}&#8221;][vc_column width=&#8221;1\/3&#8243;][vc_row_inner css=&#8221;.vc_custom_1556918977480{margin-top: -100px !important;padding-top: 80px !important;padding-right: 30px !important;padding-bottom: 80px !important;padding-left: 30px !important;background: #eeeeee url(https:\/\/movilidad.rionegro.gov.co\/web\/wp-content\/uploads\/2019\/04\/Alcoholemia-1-2.jpg?id=12721) !important;background-position: center !important;background-repeat: no-repeat !important;background-size: cover&#8230;<\/p>\n","protected":false},"author":4,"featured_media":0,"parent":0,"menu_order":0,"comment_status":"closed","ping_status":"closed","template":"","meta":{"pgc_meta":""},"pgc_meta":"","_links":{"self":[{"href":"https:\/\/movilidad.rionegro.gov.co\/web\/wp-json\/wp\/v2\/pages\/12640"}],"collection":[{"href":"https:\/\/movilidad.rionegro.gov.co\/web\/wp-json\/wp\/v2\/pages"}],"about":[{"href":"https:\/\/movilidad.rionegro.gov.co\/web\/wp-json\/wp\/v2\/types\/page"}],"author":[{"embeddable":true,"href":"https:\/\/movilidad.rionegro.gov.co\/web\/wp-json\/wp\/v2\/users\/4"}],"replies":[{"embeddable":true,"href":"https:\/\/movilidad.rionegro.gov.co\/web\/wp-json\/wp\/v2\/comments?post=12640"}],"version-history":[{"count":7,"href":"https:\/\/movilidad.rionegro.gov.co\/web\/wp-json\/wp\/v2\/pages\/12640\/revisions"}],"predecessor-version":[{"id":13339,"href":"https:\/\/movilidad.rionegro.gov.co\/web\/wp-json\/wp\/v2\/pages\/12640\/revisions\/13339"}],"wp:attachment":[{"href":"https:\/\/movilidad.rionegro.gov.co\/web\/wp-json\/wp\/v2\/media?parent=12640"}],"curies":[{"name":"wp","href":"https:\/\/api.w.org\/{rel}","templated":true}]}}

<p>[vc_row full_width=&#8221;stretch_row&#8221; gap=&#8221;30&#8243; css=&#8221;.vc_custom_1466775522542{margin-bottom: 0px !important;padding-bottom: 100px !important;background-color: #f7f7f7 !important;}&#8221;][vc_column width=&#8221;1/3&#8243;][vc_row_inner css=&#8221;.vc_custom_1556918977480{margin-top: -100px !important;padding-top: 80px !important;padding-right: 30px !important;padding-bottom: 80px !important;padding-left: 30px !important;background: #eeeeee url(https://movilidad.rionegro.gov.co/web/wp-content/uploads/2019/04/Alcoholemia-1-2.jpg?id=12721) !important;background-position: center !important;background-repeat: no-repeat !important;background-size: cover !important;}&#8221;][vc_column_inner]<div class="ult-just-icon-wrapper  "><div class="align-icon" style="text-align:center;">
<div class="aio-icon none "  style="color:#ffffff;font-size:48px;display:inline-block;">
	<i class="elegant-icon-software_paintroller"></i>
</div></div></div>[/vc_column_inner][/vc_row_inner][vc_row_inner css=&#8221;.vc_custom_1466775187209{padding-top: 40px !important;padding-right: 40px !important;padding-bottom: 40px !important;padding-left: 40px !important;background-color: #ffffff !important;}&#8221;][vc_column_inner css=&#8221;.vc_custom_1466775384293{padding-top: 0px !important;padding-bottom: 0px !important;}&#8221;][vc_column_text css_animation=&#8221;bottom-to-top&#8221; css=&#8221;.vc_custom_1555517224717{margin-bottom: 0px !important;}&#8221;]</p>
<h6>¡Rionegro avanza!</h6>
<p>Los estudios muestran que la probabilidad de sufrir un accidente grave aumenta considerablemente por cada grado adicional de alcoholemia.[/vc_column_text][/vc_column_inner][/vc_row_inner][/vc_column][vc_column width=&#8221;1/3&#8243;][vc_row_inner css=&#8221;.vc_custom_1556919015744{margin-top: -100px !important;padding-top: 80px !important;padding-right: 30px !important;padding-bottom: 80px !important;padding-left: 30px !important;background: #eeeeee url(https://movilidad.rionegro.gov.co/web/wp-content/uploads/2019/04/alcoholemia-2-1.jpg?id=12719) !important;background-position: center !important;background-repeat: no-repeat !important;background-size: cover !important;}&#8221;][vc_column_inner]<div class="ult-just-icon-wrapper  "><div class="align-icon" style="text-align:center;">
<div class="aio-icon none "  style="color:#ffffff;font-size:48px;display:inline-block;">
	<i class="elegant-icon-ecommerce_cart"></i>
</div></div></div>[/vc_column_inner][/vc_row_inner][vc_row_inner css=&#8221;.vc_custom_1466775187209{padding-top: 40px !important;padding-right: 40px !important;padding-bottom: 40px !important;padding-left: 40px !important;background-color: #ffffff !important;}&#8221;][vc_column_inner css=&#8221;.vc_custom_1466775384293{padding-top: 0px !important;padding-bottom: 0px !important;}&#8221;][vc_column_text css_animation=&#8221;bottom-to-top&#8221; css=&#8221;.vc_custom_1554499416742{margin-bottom: 0px !important;}&#8221;]</p>
<blockquote>
<h5><em>¡Porque en la vía, cuido mi vida!</em></h5>
</blockquote>
<p>[/vc_column_text][/vc_column_inner][/vc_row_inner][/vc_column][vc_column width=&#8221;1/3&#8243;][vc_row_inner css=&#8221;.vc_custom_1556919059509{margin-top: -100px !important;padding-top: 80px !important;padding-right: 30px !important;padding-bottom: 80px !important;padding-left: 30px !important;background: #eeeeee url(https://movilidad.rionegro.gov.co/web/wp-content/uploads/2019/04/alcoholemia-3.jpg?id=12726) !important;background-position: center !important;background-repeat: no-repeat !important;background-size: cover !important;}&#8221;][vc_column_inner]<div class="ult-just-icon-wrapper  "><div class="align-icon" style="text-align:center;">
<div class="aio-icon none "  style="color:#ffffff;font-size:48px;display:inline-block;">
	<i class="elegant-icon-ecommerce_cart"></i>
</div></div></div>[/vc_column_inner][/vc_row_inner][vc_row_inner css=&#8221;.vc_custom_1466775187209{padding-top: 40px !important;padding-right: 40px !important;padding-bottom: 40px !important;padding-left: 40px !important;background-color: #ffffff !important;}&#8221;][vc_column_inner css=&#8221;.vc_custom_1466775384293{padding-top: 0px !important;padding-bottom: 0px !important;}&#8221;][vc_column_text css_animation=&#8221;bottom-to-top&#8221; css=&#8221;.vc_custom_1555517333112{margin-bottom: 0px !important;}&#8221;]Desde la Subsecretaría de Movilidad de Rionegro hacemos presencia en todos los rincones del municipio y llevamos un mensaje de aprendizaje sobre el consumo responsable de las bebidas alcohólicas y sustancias psicoactivas frente al volante. También fortalecemos nuestra capacidad de hacer controles en puntos específicos a través de capacitación a los agentes de tránsito.[/vc_column_text][/vc_column_inner][/vc_row_inner][/vc_column][/vc_row]</p>
