{"id":1947,"date":"2016-04-29T14:23:44","date_gmt":"2016-04-29T14:23:44","guid":{"rendered":"http:\/\/melinda.themes.redbrush.ru\/?page_id=1947"},"modified":"2019-05-17T14:23:37","modified_gmt":"2019-05-17T19:23:37","slug":"services","status":"publish","type":"page","link":"https:\/\/movilidad.rionegro.gov.co\/web\/services\/","title":{"rendered":"Tr\u00e1mites y servicios"},"content":{"rendered":"<p>[vc_row][vc_column offset=&#8221;vc_col-lg-offset-2 vc_col-lg-8 vc_col-md-offset-1 vc_col-md-10&#8243;][vc_empty_space height=&#8221;90px&#8221;][vc_column_text css_animation=&#8221;bottom-to-top&#8221;]<\/p>\n<h3 style=\"color: #e62a4b; text-align: center;\">Tr\u00e1mites para cambios en las caracter\u00edsticas de su veh\u00edculo<\/h3>\n<p>[\/vc_column_text][vc_column_text css_animation=&#8221;bottom-to-top&#8221;]<\/p>\n<p style=\"font-size: 19px; text-align: center;\">Aqu\u00ed encontrar\u00e1 informaci\u00f3n acerca de la documentaci\u00f3n y requisitos necesarios para la realizaci\u00f3n de tr\u00e1mites relacionados con cambios a las caracter\u00edsticas de sus veh\u00edculos como blindaje, cambio de color, carrocer\u00eda y motor<\/p>\n<p>[\/vc_column_text][vc_separator color=&#8221;custom&#8221; border_width=&#8221;2&#8243; el_width=&#8221;10&#8243; accent_color=&#8221;#e62b4c&#8221;][vc_empty_space height=&#8221;50px&#8221;][\/vc_column][\/vc_row][vc_row][vc_column width=&#8221;1\/4&#8243;]<div class=\"aio-icon-component    style_1\"><div id=\"Info-box-wrap-6172\" class=\"aio-icon-box left-icon\" style=\"\"  ><div class=\"aio-icon-left\"><div class=\"ult-just-icon-wrapper  \"><div class=\"align-icon\" style=\"text-align:center;\">\n<div class=\"aio-icon none \"  style=\"font-size:36px;display:inline-block;\">\n\t<i class=\"elegant-icon-software_layout_header_sideright\"><\/i>\n<\/div><\/div><\/div><\/div><div class=\"aio-ibd-block\"><div class=\"aio-icon-header\" ><h3 class=\"aio-icon-title ult-responsive\"  data-ultimate-target='#Info-box-wrap-6172 .aio-icon-title'  data-responsive-json-new='{\"font-size\":\"\",\"line-height\":\"\"}'  style=\"\">Blindaje<\/h3><\/div> <!-- header --><div class=\"aio-icon-description ult-responsive\"  data-ultimate-target='#Info-box-wrap-6172 .aio-icon-description'  data-responsive-json-new='{\"font-size\":\"\",\"line-height\":\"\"}'  style=\"\">Conozca todos los\u00a0requisitos\u00a0y pasos que debe seguir para realizar el proceso de blindaje de su veh\u00edculo, as\u00ed como la documentaci\u00f3n que necesitar\u00e1.<a class=\"aio-icon-read xx\" href=\"\/web\/blindaje\/\">Ver m\u00e1s&nbsp;&raquo;<\/a><\/div> <!-- description --><\/div> <!-- aio-ibd-block --><\/div> <!-- aio-icon-box --><\/div> <!-- aio-icon-component -->[\/vc_column][vc_column width=&#8221;1\/4&#8243;]<div class=\"aio-icon-component    style_1\"><div id=\"Info-box-wrap-3348\" class=\"aio-icon-box left-icon\" style=\"\"  ><div class=\"aio-icon-left\"><div class=\"ult-just-icon-wrapper  \"><div class=\"align-icon\" style=\"text-align:center;\">\n<div class=\"aio-icon none \"  style=\"font-size:36px;display:inline-block;\">\n\t<i class=\"elegant-icon-basic_tablet\"><\/i>\n<\/div><\/div><\/div><\/div><div class=\"aio-ibd-block\"><div class=\"aio-icon-header\" ><h3 class=\"aio-icon-title ult-responsive\"  data-ultimate-target='#Info-box-wrap-3348 .aio-icon-title'  data-responsive-json-new='{\"font-size\":\"\",\"line-height\":\"\"}'  style=\"\">Cambio de carrocer\u00eda<\/h3><\/div> <!-- header --><div class=\"aio-icon-description ult-responsive\"  data-ultimate-target='#Info-box-wrap-3348 .aio-icon-description'  data-responsive-json-new='{\"font-size\":\"\",\"line-height\":\"\"}'  style=\"\">Conozca los\u00a0requisitos\u00a0y pasos que debe seguir para realizar el cambio de carrocer\u00eda de su veh\u00edculo, as\u00ed como la documentaci\u00f3n que necesitar\u00e1.<a class=\"aio-icon-read xx\" href=\"\/web\/cambio-de-carroceria\/\">Ver m\u00e1s&nbsp;&raquo;<\/a><\/div> <!-- description --><\/div> <!-- aio-ibd-block --><\/div> <!-- aio-icon-box --><\/div> <!-- aio-icon-component -->[\/vc_column][vc_column width=&#8221;1\/4&#8243;]<div class=\"aio-icon-component    style_1\"><div id=\"Info-box-wrap-1207\" class=\"aio-icon-box left-icon\" style=\"\"  ><div class=\"aio-icon-left\"><div class=\"ult-just-icon-wrapper  \"><div class=\"align-icon\" style=\"text-align:center;\">\n<div class=\"aio-icon none \"  style=\"font-size:36px;display:inline-block;\">\n\t<i class=\"elegant-icon-basic_book_pen\"><\/i>\n<\/div><\/div><\/div><\/div><div class=\"aio-ibd-block\"><div class=\"aio-icon-header\" ><h3 class=\"aio-icon-title ult-responsive\"  data-ultimate-target='#Info-box-wrap-1207 .aio-icon-title'  data-responsive-json-new='{\"font-size\":\"\",\"line-height\":\"\"}'  style=\"\">Cambio de color <\/h3><\/div> <!-- header --><div class=\"aio-icon-description ult-responsive\"  data-ultimate-target='#Info-box-wrap-1207 .aio-icon-description'  data-responsive-json-new='{\"font-size\":\"\",\"line-height\":\"\"}'  style=\"\">Conozca todos los\u00a0requisitos\u00a0y pasos que debe seguir para realizar el proceso de cambio de color de su veh\u00edculo, as\u00ed como la documentaci\u00f3n que necesitar\u00e1.<a class=\"aio-icon-read xx\" href=\"\/web\/cambio-de-color\/\">Ver m\u00e1s&nbsp;&raquo;<\/a><\/div> <!-- description --><\/div> <!-- aio-ibd-block --><\/div> <!-- aio-icon-box --><\/div> <!-- aio-icon-component -->[\/vc_column][vc_column width=&#8221;1\/4&#8243;]<div class=\"aio-icon-component    style_1\"><div id=\"Info-box-wrap-2823\" class=\"aio-icon-box left-icon\" style=\"\"  ><div class=\"aio-icon-left\"><div class=\"ult-just-icon-wrapper  \"><div class=\"align-icon\" style=\"text-align:center;\">\n<div class=\"aio-icon none \"  style=\"font-size:36px;display:inline-block;\">\n\t<i class=\"elegant-icon-ecommerce_basket_check\"><\/i>\n<\/div><\/div><\/div><\/div><div class=\"aio-ibd-block\"><div class=\"aio-icon-header\" ><h3 class=\"aio-icon-title ult-responsive\"  data-ultimate-target='#Info-box-wrap-2823 .aio-icon-title'  data-responsive-json-new='{\"font-size\":\"\",\"line-height\":\"\"}'  style=\"\">Cambio de motor<\/h3><\/div> <!-- header --><div class=\"aio-icon-description ult-responsive\"  data-ultimate-target='#Info-box-wrap-2823 .aio-icon-description'  data-responsive-json-new='{\"font-size\":\"\",\"line-height\":\"\"}'  style=\"\">Conozca todos los\u00a0requisitos\u00a0y pasos que debe seguir para realizar el proceso de cambio de motor de su veh\u00edculo, as\u00ed como la documentaci\u00f3n que necesitar\u00e1.<a class=\"aio-icon-read xx\" href=\"\/web\/cambio-de-motor\/\">Ver m\u00e1s&nbsp;&raquo;<\/a><\/div> <!-- description --><\/div> <!-- aio-ibd-block --><\/div> <!-- aio-icon-box --><\/div> <!-- aio-icon-component -->[\/vc_column][\/vc_row][vc_row][vc_column][vc_empty_space height=&#8221;60px&#8221;][\/vc_column][\/vc_row][vc_row full_width=&#8221;stretch_row_content_no_spaces&#8221; bg_type=&#8221;image&#8221; parallax_style=&#8221;vcpb-vz-jquery&#8221;][vc_column width=&#8221;1\/2&#8243; offset=&#8221;vc_hidden-sm vc_hidden-xs&#8221;][vc_single_image image=&#8221;12887&#8243; img_size=&#8221;full&#8221; css=&#8221;.vc_custom_1556047416691{padding-top: 0px !important;}&#8221;][\/vc_column][vc_column css=&#8221;.vc_custom_1556047234817{padding-top: 60px !important;padding-right: 80px !important;padding-bottom: 60px !important;padding-left: 80px !important;background-color: #f7f7f7 !important;}&#8221; offset=&#8221;vc_col-md-6&#8243;][vc_row_inner gap=&#8221;30&#8243; css=&#8221;.vc_custom_1462366839024{margin-bottom: 0px !important;padding-right: 15px !important;padding-left: 15px !important;}&#8221;][vc_column_inner width=&#8221;1\/2&#8243;][vc_separator color=&#8221;custom&#8221; align=&#8221;align_left&#8221; border_width=&#8221;2&#8243; el_width=&#8221;20&#8243; accent_color=&#8221;#e62a4b&#8221;]<div class=\"aio-icon-component    style_1\"><div id=\"Info-box-wrap-8940\" class=\"aio-icon-box default-icon\" style=\"\"  ><div class=\"aio-icon-header\" ><h3 class=\"aio-icon-title ult-responsive\"  data-ultimate-target='#Info-box-wrap-8940 .aio-icon-title'  data-responsive-json-new='{\"font-size\":\"\",\"line-height\":\"\"}'  style=\"\">Cambio de Servicio<\/h3><\/div> <!-- header --><div class=\"aio-icon-description ult-responsive\"  data-ultimate-target='#Info-box-wrap-8940 .aio-icon-description'  data-responsive-json-new='{\"font-size\":\"\",\"line-height\":\"\"}'  style=\"\">Conozca cu\u00e1les son los documentos que debe presentar para el tr\u00e1mite de cambio de servicio p\u00fablico e individuales a particular.<a class=\"aio-icon-read xx\" href=\"\/web\/cambio-de-servicio\/\">Ver m\u00e1s&nbsp;&raquo;<\/a><\/div> <!-- description --><\/div> <!-- aio-icon-box --><\/div> <!-- aio-icon-component -->[\/vc_column_inner][vc_column_inner width=&#8221;1\/2&#8243;][vc_separator color=&#8221;custom&#8221; align=&#8221;align_left&#8221; border_width=&#8221;2&#8243; el_width=&#8221;20&#8243; accent_color=&#8221;#e62a4b&#8221;]<div class=\"aio-icon-component    style_1\"><div id=\"Info-box-wrap-5058\" class=\"aio-icon-box default-icon\" style=\"\"  ><div class=\"aio-icon-header\" ><h3 class=\"aio-icon-title ult-responsive\"  data-ultimate-target='#Info-box-wrap-5058 .aio-icon-title'  data-responsive-json-new='{\"font-size\":\"\",\"line-height\":\"\"}'  style=\"\">Cancelaci\u00f3n de matr\u00edcula<\/h3><\/div> <!-- header --><div class=\"aio-icon-description ult-responsive\"  data-ultimate-target='#Info-box-wrap-5058 .aio-icon-description'  data-responsive-json-new='{\"font-size\":\"\",\"line-height\":\"\"}'  style=\"\">Conozca cu\u00e1les son los documentos que debe presentar para el tr\u00e1mite de cancelaci\u00f3n de matr\u00edcula por hurto o desaparici\u00f3n documentada.<a class=\"aio-icon-read xx\" href=\"\/web\/cancelacion-de-matricula\/\">Ver m\u00e1s&nbsp;&raquo;<\/a><\/div> <!-- description --><\/div> <!-- aio-icon-box --><\/div> <!-- aio-icon-component -->[\/vc_column_inner][\/vc_row_inner][\/vc_column][\/vc_row][vc_row][vc_column][vc_empty_space height=&#8221;60px&#8221;][\/vc_column][\/vc_row][vc_row gap=&#8221;30&#8243;][vc_column width=&#8221;1\/3&#8243;][vc_single_image image=&#8221;12919&#8243; img_size=&#8221;600&#215;400&#8243; css_animation=&#8221;bottom-to-top&#8221; css=&#8221;.vc_custom_1556053346996{margin-bottom: 30px !important;}&#8221;][vc_column_text css_animation=&#8221;bottom-to-top&#8221;]<\/p>\n<h6>Documentos generales<\/h6>\n<p style=\"color: #aaa;\">Para realizar cualquier tr\u00e1mite del Registro Municipal Automotor, debe cumplir con los siguientes requisitos.<\/p>\n<p><a href=\"\/web\/documentos-generales-tramites\/\">Ver m\u00e1s<\/a>[\/vc_column_text][\/vc_column][vc_column width=&#8221;1\/3&#8243;][vc_single_image image=&#8221;12909&#8243; img_size=&#8221;600&#215;400&#8243; css_animation=&#8221;bottom-to-top&#8221; css=&#8221;.vc_custom_1556053309869{margin-bottom: 30px !important;}&#8221;][vc_column_text css_animation=&#8221;bottom-to-top&#8221;]<\/p>\n<h6>Traspaso<\/h6>\n<p style=\"color: #aaa;\">Conozca el detalle de los documentos que debe presentar para la realizaci\u00f3n de este tr\u00e1mite.<\/p>\n<p><a href=\"\/web\/traspaso-compania-aseguradora\/\">Ver m\u00e1s<\/a>[\/vc_column_text][\/vc_column][vc_column width=&#8221;1\/3&#8243;][vc_single_image image=&#8221;12921&#8243; img_size=&#8221;full&#8221; css_animation=&#8221;bottom-to-top&#8221; css=&#8221;.vc_custom_1556053449122{margin-bottom: 30px !important;}&#8221;][vc_column_text css_animation=&#8221;bottom-to-top&#8221;]<\/p>\n<h6>Duplicado de placas<\/h6>\n<p style=\"color: #aaa;\">Conozca el detalle de los documentos que debe presentar para la realizaci\u00f3n de este tr\u00e1mite.<\/p>\n<p><a href=\"https:\/\/10.240.8.148\/web\/duplicado-de-placas\/\">Ver m\u00e1s<\/a>[\/vc_column_text][\/vc_column][\/vc_row][vc_row][vc_column][vc_empty_space height=&#8221;30px&#8221;][\/vc_column][\/vc_row][vc_row css=&#8221;.vc_custom_1556048152189{margin-bottom: 0px !important;}&#8221;][vc_column width=&#8221;1\/3&#8243;][vc_single_image image=&#8221;12926&#8243; img_size=&#8221;full&#8221; css_animation=&#8221;bottom-to-top&#8221; css=&#8221;.vc_custom_1556055026387{margin-bottom: 30px !important;}&#8221;][vc_column_text css_animation=&#8221;bottom-to-top&#8221;]<\/p>\n<h6>Duplicado de matr\u00edcula<\/h6>\n<p style=\"color: #aaa;\">Conozca el detalle de los documentos que debe presentar para la realizaci\u00f3n de este tr\u00e1mite.<\/p>\n<p><a href=\"\/web\/duplicado-de-matricula\/\">Ver m\u00e1s<\/a>[\/vc_column_text][\/vc_column][vc_column width=&#8221;1\/3&#8243;][vc_single_image image=&#8221;12923&#8243; img_size=&#8221;full&#8221; css_animation=&#8221;bottom-to-top&#8221; css=&#8221;.vc_custom_1556054337274{margin-bottom: 30px !important;}&#8221;][vc_column_text css_animation=&#8221;bottom-to-top&#8221;]<\/p>\n<h6>Expedici\u00f3n de licencia de conducci\u00f3n<\/h6>\n<p style=\"color: #aaa;\">Conozca el detalle de los documentos que debe presentar para la realizaci\u00f3n de este tr\u00e1mite.<\/p>\n<p><a href=\"\/web\/expedicion-de-licencia-de-conduccion\/\">Ver m\u00e1s<\/a>[\/vc_column_text][\/vc_column][vc_column width=&#8221;1\/3&#8243;][vc_single_image image=&#8221;12925&#8243; img_size=&#8221;full&#8221; css_animation=&#8221;bottom-to-top&#8221; css=&#8221;.vc_custom_1556054974476{margin-bottom: 30px !important;}&#8221;][vc_column_text css_animation=&#8221;bottom-to-top&#8221;]<\/p>\n<h6>Refrendaci\u00f3n de licencia de conducci\u00f3n<\/h6>\n<p style=\"color: #aaa;\">Conozca el detalle de los documentos que debe presentar para la realizaci\u00f3n de este tr\u00e1mite.<\/p>\n<p><a href=\"\/web\/refrendacion-de-licencia-de-conduccion\/\">Ver m\u00e1s<\/a>[\/vc_column_text][\/vc_column][\/vc_row][vc_row][vc_column][vc_empty_space height=&#8221;50px&#8221;][\/vc_column][\/vc_row][vc_row full_width=&#8221;stretch_row&#8221; gap=&#8221;35&#8243; css=&#8221;.vc_custom_1470050966143{margin-bottom: 0px !important;padding-top: 20px !important;padding-bottom: 20px !important;background-color: #f7f7f7 !important;}&#8221;][vc_column width=&#8221;1\/3&#8243; offset=&#8221;vc_col-md-2 vc_col-xs-6&#8243;][vc_single_image image=&#8221;12112&#8243; img_size=&#8221;full&#8221; onclick=&#8221;custom_link&#8221; css_animation=&#8221;none&#8221; link=&#8221;\/web\/inscripcion-de-prenda\/&#8221; el_class=&#8221;zoom&#8221;][\/vc_column][vc_column width=&#8221;1\/3&#8243; offset=&#8221;vc_col-md-2 vc_col-xs-6&#8243;][vc_single_image image=&#8221;12113&#8243; img_size=&#8221;full&#8221; onclick=&#8221;custom_link&#8221; css_animation=&#8221;bottom-to-top&#8221; link=&#8221;\/web\/levantamiento-de-prenda\/&#8221; el_class=&#8221;zoom&#8221;][\/vc_column][vc_column width=&#8221;1\/3&#8243; offset=&#8221;vc_col-md-2 vc_col-xs-6&#8243;][vc_single_image image=&#8221;12114&#8243; img_size=&#8221;full&#8221; onclick=&#8221;custom_link&#8221; css_animation=&#8221;bottom-to-top&#8221; link=&#8221;\/web\/matricula-inicial\/&#8221; el_class=&#8221;zoom&#8221;][\/vc_column][vc_column width=&#8221;1\/3&#8243; offset=&#8221;vc_col-md-2 vc_col-xs-6&#8243;][vc_single_image image=&#8221;12115&#8243; img_size=&#8221;full&#8221; onclick=&#8221;custom_link&#8221; css_animation=&#8221;bottom-to-top&#8221; link=&#8221;\/web\/traslado-de-cuenta\/&#8221; el_class=&#8221;zoom&#8221;][\/vc_column][vc_column width=&#8221;1\/3&#8243; offset=&#8221;vc_col-md-2 vc_col-xs-6&#8243;][vc_single_image image=&#8221;12116&#8243; img_size=&#8221;full&#8221; onclick=&#8221;custom_link&#8221; css_animation=&#8221;bottom-to-top&#8221; link=&#8221;\/web\/regrabacion-de-motor-serial-y-chasis\/&#8221; el_class=&#8221;zoom&#8221;][\/vc_column][vc_column width=&#8221;1\/3&#8243; offset=&#8221;vc_col-md-2 vc_col-xs-6&#8243;][vc_single_image image=&#8221;12117&#8243; img_size=&#8221;full&#8221; onclick=&#8221;custom_link&#8221; css_animation=&#8221;bottom-to-top&#8221; link=&#8221;\/web\/radicacion-de-cuenta\/&#8221; el_class=&#8221;zoom&#8221;][\/vc_column][\/vc_row][vc_row][vc_column][\/vc_column][\/vc_row]<\/p>\n","protected":false},"excerpt":{"rendered":"<p>[vc_row][vc_column offset=&#8221;vc_col-lg-offset-2 vc_col-lg-8 vc_col-md-offset-1 vc_col-md-10&#8243;][vc_empty_space height=&#8221;90px&#8221;][vc_column_text css_animation=&#8221;bottom-to-top&#8221;] Tr\u00e1mites para cambios en las caracter\u00edsticas de su veh\u00edculo [\/vc_column_text][vc_column_text css_animation=&#8221;bottom-to-top&#8221;] Aqu\u00ed encontrar\u00e1 informaci\u00f3n acerca de la documentaci\u00f3n y requisitos necesarios para la&#8230;<\/p>\n","protected":false},"author":4,"featured_media":0,"parent":0,"menu_order":0,"comment_status":"closed","ping_status":"closed","template":"","meta":{"pgc_meta":""},"pgc_meta":"","_links":{"self":[{"href":"https:\/\/movilidad.rionegro.gov.co\/web\/wp-json\/wp\/v2\/pages\/1947"}],"collection":[{"href":"https:\/\/movilidad.rionegro.gov.co\/web\/wp-json\/wp\/v2\/pages"}],"about":[{"href":"https:\/\/movilidad.rionegro.gov.co\/web\/wp-json\/wp\/v2\/types\/page"}],"author":[{"embeddable":true,"href":"https:\/\/movilidad.rionegro.gov.co\/web\/wp-json\/wp\/v2\/users\/4"}],"replies":[{"embeddable":true,"href":"https:\/\/movilidad.rionegro.gov.co\/web\/wp-json\/wp\/v2\/comments?post=1947"}],"version-history":[{"count":90,"href":"https:\/\/movilidad.rionegro.gov.co\/web\/wp-json\/wp\/v2\/pages\/1947\/revisions"}],"predecessor-version":[{"id":13373,"href":"https:\/\/movilidad.rionegro.gov.co\/web\/wp-json\/wp\/v2\/pages\/1947\/revisions\/13373"}],"wp:attachment":[{"href":"https:\/\/movilidad.rionegro.gov.co\/web\/wp-json\/wp\/v2\/media?parent=1947"}],"curies":[{"name":"wp","href":"https:\/\/api.w.org\/{rel}","templated":true}]}}